base 8, what is 5 + -354?
-347
In base 11, what is 35 + -15?
20
In base 6, what is -2450 + -5?
-2455
In base 3, what is -21 - -1111201?
1111110
In base 3, what is -1 - 10022?
-10100
In base 11, what is 3 + -2551?
-2549
In base 11, what is 4 + 186?
18a
In base 3, what is -20 - -20000?
12210
In base 15, what is -23d - c?
-24a
In base 4, what is -1300 + 101?
-1133
In base 12, what is -2 - -12a?
128
In base 3, what is 12112020 + 10?
12112100
In base 14, what is 50 + 2?
52
In base 2, what is 101001 + 1000?
110001
In base 5, what is -10 + 4?
-1
In base 14, what is -4 + -8?
-c
In base 13, what is -76c - 2?
-771
In base 8, what is -2 + -223?
-225
In base 11, what is -7 + 34?
28
In base 3, what is 1010222 - 111?
1010111
In base 4, what is -10321 - 1?
-10322
In base 9, what is -3 + 116?
113
In base 3, what is -2 + 10100221?
10100212
In base 12, what is -b - 79a?
-7a9
In base 8, what is -544 - 4?
-550
In base 12, what is b - -68?
77
In base 8, what is 4 + -22?
-16
In base 2, what is -10 + -101100101001?
-101100101011
In base 13, what is -66 + -1?
-67
In base 4, what is 2 + 22?
30
In base 14, what is 2 + -35?
-33
In base 7, what is -1 + 164?
163
In base 15, what is 5 - 526?
-521
In base 9, what is -1 - 1844?
-1845
In base 4, what is -11 - -102?
31
In base 11, what is -2a2 + -2?
-2a4
In base 5, what is 40202 + 0?
40202
In base 14, what is -294 - -2?
-292
In base 5, what is -3 + 430?
422
In base 6, what is 1344 - -35?
1423
In base 2, what is 11110 + 0?
11110
In base 11, what is 15 + -81?
-67
In base 4, what is -113 + -10?
-123
In base 11, what is 7 - -104?
110
In base 10, what is 2 + -3252?
-3250
In base 2, what is -10001101101 + 101?
-10001101000
In base 4, what is 20022 - 230?
13132
In base 16, what is -b - 4?
-f
In base 3, what is 212000 + 1?
212001
In base 11, what is 1a3 - 0?
1a3
In base 10, what is 57 + 39?
96
In base 16, what is -3c + 6?
-36
In base 4, what is -213 - -23?
-130
In base 3, what is 2 - 10102?
-10100
In base 2, what is 1111 + -1001?
110
In base 15, what is 2 - -beb?
bed
In base 2, what is 10111001010100 + -1?
10111001010011
In base 11, what is -95a + 6?
-954
In base 7, what is 304 - -2?
306
In base 16, what is e1 + -1c?
c5
In base 2, what is 1 - 1010100000?
-1010011111
In base 16, what is -44 - 2?
-46
In base 13, what is -10 + 9?
-4
In base 12, what is 435 - -4?
439
In base 9, what is -2 - -446?
444
In base 3, what is -111 + -111?
-222
In base 11, what is 151 - -4?
155
In base 10, what is 10 - -8?
18
In base 3, what is 2221 + -100?
2121
In base 3, what is 102 - -20?
122
In base 16, what is -15b - 3?
-15e
In base 3, what is 2000 + 0?
2000
In base 14, what is 5 - 19?
-14
In base 3, what is 111110 + 1?
111111
In base 7, what is 242 - 333?
-61
In base 15, what is -4 + -6d?
-72
In base 2, what is -11 - -11010000111?
11010000100
In base 16, what is 2 - -26?
28
In base 13, what is -1a - 28?
-45
In base 11, what is -19 + 2?
-17
In base 9, what is -22 + -275?
-307
In base 3, what is 120111 + 1?
120112
In base 10, what is -383 + 6?
-377
In base 12, what is -5 + -36?
-3b
In base 12, what is -1 + -258?
-259
In base 7, what is -10 + -60?
-100
In base 11, what is -475 - -5?
-470
In base 2, what is 1100 + -1001110?
-1000010
In base 9, what is 44 - 1?
43
In base 11, what is 83 - 23?
60
In base 7, what is 1141 + -13?
1125
In base 12, what is -17 - 14?
-2b
In base 3, what is 11 - 2120?
-2102
In base 2, what is -10111111 + 10010?
-10101101
In base 11, what is 251 - 4?
248
In base 11, what is -2 - 109?
-110
In base 4, what is 0 - 1231?
-1231
In base 14, what is 6 - -29?
31
In base 6, what is 3 - -2151?
2154
In base 5, what is -4 - 34033?
-34042
In base 13, what is -1 - -560?
55c
In base 9, what is -14001 - -1?
-14000
In base 14, what is 3 - -41?
44
In base 14, what is 25 + -a?
19
In base 11, what is 160 - 0?
160
In base 5, what is -10 + 443?
433
In base 7, what is -512 + 1?
-511
In base 2, what is -1001 - -110111?
101110
In base 2, what is -101 - 11100110000?
-11100110101
In base 5, what is 1132 + -1?
1131
In base 4, what is -12320 + 11?
-12303
In base 7, what is -4 - -44?
40
In base 3, what is 1 - 1121020?
-1121012
In base 9, what is 400 + 14?
414
In base 13, what is -29 + 4?
-25
In base 11, what is -3 + -204?
-207
In base 6, what is 132 + 10?
142
In base 15, what is -8 + -b?
-14
In base 8, what is 4236 - 3?
4233
In base 4, what is 303 - -23?
332
In base 8, what is 30 + -504?
-454
In base 2, what is -100 + 10001011?
10000111
In base 14, what is -d - -21c?
20d
In base 15, what is -3 - -1d0?
1cc
In base 10, what is -279 + -4?
-283
In base 7, what is 12 + -124?
-112
In base 14, what is -4 + -22?
-26
In base 7, what is 121 + 12?
133
In base 13, what is -7 - -382?
378
In base 7, what is 36 - 63?
-24
In base 5, what is -102 - -20?
-32
In base 8, what is 7 + -117?
-110
In base 2, what is 10100100 - -1?
10100101
In base 11, what is 4 - -290?
294
In base 4, what is 20223 + 3?
20232
In base 15, what is -3 - 51?
-54
In base 3, what is -21 - 20102?
-20200
In base 6, what is -13 - 4355?
-4412
In base 6, what is 200 + -25?
131
In base 16, what is -2 - 6a6?
-6a8
In base 15, what is -4 + 88?
84
In base 8, what is 1 - -505?
506
In base 3, what is 100000 - 1?
22222
In base 8, what is 102 + -40?
42
In base 3, what is 1102 - -1121?
10000
In base 12, what is 3 + -289?
-286
In base 3, what is 20 - 12?
1
In base 10, what is 11 - 94?
-83
In base 5, what is -1414 + 0?
-1414
In base 14, what is 20 + -6?
18
In base 8, what is -2155 - 1?
-2156
In base 5, what is 24 - -4210?
4234
In base 11, what is 2 - 321?
-31a
In base 5, what is -120421 - 1?
-120422
In base 11, what is a25 + -5?
a20
In base 16, what is 32a + 3?
32d
In base 16, what is 9 - -1fa?
203
In base 10, what is 131 + -1?
130
In base 5, what is 20020 - 10?
20010
In base 6, what is -2 + 13541?
13535
In base 2, what is -1101 - -10001011100?
10001001111
In base 4, what is -11 + -11131?
-11202
In base 8, what is 5343 - 6?
5335
In base 10, what is -38 - -1?
-37
In base 16, what is 3 + 3d2?
3d5
In base 15, what is -5 + b?
6
In base 9, what is -3 + 56?
53
In base 6, what is 0 + -452?
-452
In base 14, what is -7 + d93?
d8a
In base 15, what is -24 + 5?
-1e
In base 10, what is 3 + 141?
144
In base 5, what is 4 - -1244?
1303
In base 13, what is 1 - 4b?
-4a
In base 3, what is -21002 - 22?
-21101
In base 6, what is 1 - -4?
5
In base 6, what is 3 + -31?
-24
In base 8, what is 344 - -2?
346
In base 7, what is 2 + 120?
122
In base 5, what is -434 + -10?
-444
In base 11, what is -1a43 + -3?
-1a46
In base 16, what is -5 + 1d4?
1cf
In base 14, what is ad - 1?
ac
In base 14, what is 49 - -1d?
68
In base 9, what is -5 - -32?
26
In base 15, what is -4 + -28bd?
-28c2
In base 13, what is -196 - 4?
-19a
In base 15, what is 0 + -569?
-569
In base 16, what is -38 + -15?
-4d
In base 2, what is 10111100 + 0?
10111100
In base 5, what is -1044 - 1?
-1100
In base 13, what is b184 + 0?
b184
In base 7, what is -13653 + 1?
-13652
In base 14, what is 6 + 5?
b
In base 15, what is 14e + 3?
152
In base 6, what is 5 - -2443?
2452
In base 8, what is 1437 - -3?
1442
In base 2, what is 101011100 + -10?
101011010
In base 6, what is 551 - 5?
542
In base 5, what is -1000 - 3?
-1003
In base 7, what is -5 - -2244?
2236
In base 16, what is -1fd + 0?
-1fd
In base 15, what is 51 - 1?
50
In base 5, what is -1103 - 4?
-1112
In base 11, what is 8 - -335?
342
In base 7, what is -21 + 4?
-14
In base 3, what is -1122 + -11?
-1210
In base 8, what is -4167 + 0?
-4167
In base 10, what is 4 + -14?
-10
In base 12, what is -161 + -4?
-165
In base 6, what is -3 + -11553?
-12000
In base 8, what is -4 - 403?
-407
In base 4, what is -3 - -30?
21
In base 14, what is 0 - -57?
57
In base 4, what is -12332 + 11?
-12321
In base 3, what is -12 + -1102221?
-1110010
In base 8, what is -777 - 10?
-1007
In base 14, what is -4a - -5?
-45
In base 10, what is -27 + 11?
-16
In base 3, what is 1 - 120010?
-120002
In base 5, what is 103 - 2021?
-1413
In base 6, what is -11 + -121?
-132
In base 15, what is 20 + -2e?
-e
In base 14, what is 14 - 339?
-325
In base 3, what is 2222 + -10012?
-20
In base 9, what is -5 + -104?
-110
In base 2, what is -1101001 - 0?
-1101001
In base 2, what is 101000011010 - 100?
101000010110
In base 3, what is -120 - 1000121?
-1001011
In base 14, what is 4 - -1528?
152c
In base